8?
-724a5
In base 4, what is -210 - 10132132310?
-10132133120
In base 15, what is -24d69 + 5e?
-24d0a
In base 3, what is -11000022121 - -10?
-11000022111
In base 7, what is 1044 + 1245324?
1246401
In base 13, what is -a96b + 167?
-a804
In base 3, what is -100102201212 - -11?
-100102201201
In base 7, what is 1320426301 + 0?
1320426301
In base 10, what is 22309643 + 5?
22309648
In base 14, what is 4b7a + -711d?
-2383
In base 11, what is 10a - -1400a8?
140207
In base 3, what is -10201 + 22000110101110?
22000110020202
In base 8, what is 144 - 446620?
-446454
In base 4, what is -1 + -21002221101?
-21002221102
In base 14, what is -2 + 1c76882?
1c76880
In base 7, what is 5212 - -432165?
440410
In base 10, what is 45342432 + -2?
45342430
In base 14, what is -374 + 1cd1?
195b
In base 14, what is 2ad - 358a3?
-355d4
In base 10, what is 3 - 289985136?
-289985133
In base 16, what is -36 + 303eb?
303b5
In base 5, what is -34124232323 - 20?
-34124232343
In base 3, what is 12211001201122120 + 102?
12211001201122222
In base 4, what is 31333 + -201113?
-103120
In base 3, what is 10 + -102001210112101110?
-102001210112101100
In base 14, what is 1014b - -1589?
116d6
In base 2, what is 1000 - -1000111111111100111010?
1000111111111101000010
In base 15, what is 4 - -4be718?
4be71c
In base 12, what is -21a - ab68?
-b186
In base 12, what is -a6 - 166841?
-166927
In base 11, what is 5 + -99559166?
-99559161
In base 15, what is b2 + 1b83?
1c45
In base 15, what is 6 + -4bdc9ee?
-4bdc9e8
In base 3, what is -1022220 - -120012000?
111212010
In base 4, what is -30 + 132002320?
132002230
In base 9, what is 0 + -357803635?
-357803635
In base 2, what is -1001100101 + 11011000110110001?
11010111101001100
In base 14, what is 26360 - 65?
262d9
In base 15, what is -4e98 - -1a42?
-3456
In base 14, what is -15 + 2558a9?
255894
In base 6, what is -125153415 + 4?
-125153411
In base 15, what is -1e8703 - -12?
-1e86e1
In base 8, what is 262 - 206165?
-205703
In base 15, what is 972 + 219d?
2b20
In base 3, what is 1201002220001100 - 10?
1201002220001020
In base 15, what is 1ca5aba + -4?
1ca5ab6
In base 5, what is 30 + 4143301141?
4143301221
In base 9, what is 4 - 7145062?
-7145057
In base 5, what is -20 + -2411214010?
-2411214030
In base 13, what is -ba22a1b + -2?
-ba22a20
In base 7, what is -156132666 + -3?
-156133002
In base 8, what is 26115250573 + 5?
26115250600
In base 14, what is 53 + 16ddbcb?
16ddc40
In base 15, what is 2d4e89 - -7?
2d4e91
In base 4, what is 1101 - -21302103?
21303210
In base 14, what is 1405 + -382b?
-2426
In base 10, what is -38 - -98349?
98311
In base 11, what is 69537a - 2?
695378
In base 6, what is 35013144 - 1?
35013143
In base 7, what is -2363 - 6241502?
-6244165
In base 11, what is 7 + -2a8a9a?
-2a8a93
In base 11, what is -23364 + 23?
-23341
In base 5, what is -2 - -11021003032?
11021003030
In base 5, what is -10 - -34220410211?
34220410201
In base 4, what is 221 + 1010321303?
1010322130
In base 10, what is 1411447 + -5?
1411442
In base 9, what is 5618386 - 1?
5618385
In base 3, what is -11011 + 12021021122011?
12021021111000
In base 7, what is 123340 + -22365?
100642
In base 4, what is 11 + -2113202021301?
-2113202021230
In base 7, what is 2326 - 26436?
-24110
In base 14, what is 67170 + -9b0?
665a0
In base 6, what is 11255352012 + -2?
11255352010
In base 7, what is -5 + -1536525502?
-1536525510
In base 11, what is -744 - 4816?
-545a
In base 16, what is eb9d7 + -1?
eb9d6
In base 3, what is 1012001101 + -20?
1012001011
In base 16, what is -1cd8 - -793?
-1545
In base 14, what is 47100d - 277?
470b76
In base 3, what is 122020202022 - -211001?
122021120100
In base 14, what is -6 + 25124b?
251245
In base 10, what is -23 - -631104?
631081
In base 14, what is b34d - -108?
b457
In base 7, what is 321 - 201155?
-200534
In base 14, what is -7d + a8250?
a81b1
In base 11, what is 1557130 - -4?
1557134
In base 14, what is 1 - 12939dd?
-12939dc
In base 6, what is 401 - 155125?
-154324
In base 16, what is 29cc3 + -25f?
29a64
In base 8, what is 37 + 115320?
115357
In base 7, what is 11603146 + 350?
11603526
In base 12, what is 0 - -3b0bb3b8?
3b0bb3b8
In base 11, what is -127 + -a462?
-a589
In base 15, what is -234281 + 27e?
-234002
In base 9, what is -27688 - 75?
-27774
In base 16, what is 4 - -651c26?
651c2a
In base 9, what is -1057 - -13855?
12787
In base 16, what is -6d7259c + -3?
-6d7259f
In base 14, what is 2c - -171305?
171333
In base 15, what is 4c4a6 - -173?
4c629
In base 13, what is -21bb49 - -5?
-21bb44
In base 4, what is 103301 - 1031311?
-322010
In base 9, what is 84 + 1142786?
1142881
In base 9, what is -5 + -4381574?
-4381580
In base 4, what is -12330100 - 220322?
-13211022
In base 11, what is 5552 - -17?
5569
In base 14, what is 1ab + b500?
b6ab
In base 3, what is 2020111 - 200211001002?
-200201210121
In base 12, what is -369 - 195403?
-195770
In base 10, what is -502132 - 9?
-502141
In base 16, what is 1 - 1764dfa?
-1764df9
In base 6, what is -2 + 225243040?
225243034
In base 3, what is -101121012210 + -11221?
-101121101201
In base 2, what is -11000 - 100010001011011011110?
-100010001011011110110
In base 12, what is -269a84aa + -4?
-269a84b2
In base 8, what is -2 + -224742542?
-224742544
In base 7, what is 11413 + 1632?
13345
In base 14, what is 1b + 361b6?
361d3
In base 15, what is 14730 - 654?
140cb
In base 4, what is 0 + -3200012223321?
-3200012223321
In base 7, what is -3 - 44635413?
-44635416
In base 2, what is 10101111101 - 101101101011111011?
-101101010101111110
In base 8, what is 233 + -5302000?
-5301545
In base 7, what is -563 + 331265?
330402
In base 7, what is -425111 + 645?
-424133
In base 12, what is 5a7515 + 14?
5a7529
In base 8, what is -3 + -21034335?
-21034340
In base 14, what is 1dd + -4c6a?
-4a6b
In base 9, what is -52161 - 321?
-52482
In base 13, what is cc - 6545?
-6446
In base 11, what is 1398974 - -44?
1398a08
In base 14, what is 1d28db + 310?
1d2c0b
In base 7, what is -22 - 6300546?
-6300601
In base 14, what is 2bca9 + -41a?
2b88d
In base 4, what is 12 - -2130210211023?
2130210211101
In base 15, what is 11ca1 + 1cc?
11e7d
In base 11, what is 240575 + -20?
240555
In base 16, what is 5 - 8d6ddc?
-8d6dd7
In base 9, what is 48 + -608026?
-607867
In base 3, what is -12 + 2112122201121121?
2112122201121102
In base 16, what is -72c6c + 5e4?
-72688
In base 15, what is 1bc5 + -350?
1875
In base 6, what is -1030 + 311551?
310521
In base 10, what is -13 - 781442?
-781455
In base 6, what is -10435 + -322420?
-333255
In base 7, what is -3641 - 14415?
-21356
In base 9, what is -27136117 - -1?
-27136116
In base 16, what is eac0c - 3?
eac09
In base 14, what is -33 + -3b0d1?
-3b124
In base 4, what is -11 - -222311101102?
222311101031
In base 3, what is -2110111 - -2222001?
111120
In base 10, what is -1077 - -22123?
21046
In base 12, what is -2040510b5 - 2?
-2040510b7
In base 3, what is 1 + -101022201002022?
-101022201002021
In base 11, what is -2254 - 109a?
-3343
In base 15, what is -e3ba9 + 1?
-e3ba8
In base 16, what is 8 - -9e0dcf?
9e0dd7
In base 6, what is 31 - -2415144533?
2415145004
In base 15, what is 5 + 16c754b?
16c7551
In base 3, what is -2222110111110201000 + -2?
-2222110111110201002
In base 8, what is -5431734 + 13?
-5431721
In base 5, what is -2044302232233 - 1?
-2044302232234
In base 15, what is a09c - -6a?
a117
In base 6, what is -34345113 - -44?
-34345025
In base 7, what is 1 + -1311413535?
-1311413534
In base 14, what is -b5 + a8501?
a842a
In base 15, what is 7 - 524307?
-524300
In base 13, what is 3 - 4ab014a?
-4ab0147
In base 3, what is -12112020 + -21010210222?
-21100100012
In base 3, what is -102220122 - 1001222022?
-1111212221
In base 16, what is -25a3 - -1e09?
-79a
In base 10, what is 5856 + -50206?
-44350
In base 9, what is 45011 + 23?
45034
In base 7, what is 426216 - -12322?
441541
In base 10, what is 0 - 1735623?
-1735623
In base 10, what is 4 + 159523828?
159523832
In base 5, what is 44403 + 31032?
130440
In base 13, what is -554 + 3c92?
373b
In base 6, what is 2401 - 44213305?
-44210504
In base 8, what is -21 + -72611445?
-72611466
In base 16, what is -5b782 + 4b?
-5b737
In base 10, what is -98 + 1491670?
1491572
In base 5, what is -33014404 - 1440?
-33021344
In base 9, what is 3 + 103534833?
103534836
In base 16, w